{"id":19860,"date":"2024-11-18T14:14:21","date_gmt":"2024-11-18T14:14:21","guid":{"rendered":"https:\/\/pertech.com.br\/teste\/?page_id=19860"},"modified":"2025-07-11T14:09:22","modified_gmt":"2025-07-11T14:09:22","slug":"qualidade-certificacoes","status":"publish","type":"page","link":"https:\/\/pertech.com.br\/teste\/qualidade-certificacoes\/","title":{"rendered":"Qualidade e Certifica\u00e7\u00f5es"},"content":{"rendered":"\t\t<div data-elementor-type=\"wp-page\" data-elementor-id=\"19860\" class=\"elementor elementor-19860\" data-elementor-settings=\"{&quot;element_pack_global_tooltip_width&quot;:{&quot;unit&quot;:&quot;px&quot;,&quot;size&quot;:&quot;&quot;,&quot;sizes&quot;:[]},&quot;element_pack_global_tooltip_width_tablet&quot;:{&quot;unit&quot;:&quot;px&quot;,&quot;size&quot;:&quot;&quot;,&quot;sizes&quot;:[]},&quot;element_pack_global_tooltip_width_mobile&quot;:{&quot;unit&quot;:&quot;px&quot;,&quot;size&quot;:&quot;&quot;,&quot;sizes&quot;:[]},&quot;element_pack_global_tooltip_padding&quot;:{&quot;unit&quot;:&quot;px&quot;,&quot;top&quot;:&quot;&quot;,&quot;right&quot;:&quot;&quot;,&quot;bottom&quot;:&quot;&quot;,&quot;left&quot;:&quot;&quot;,&quot;isLinked&quot;:true},&quot;element_pack_global_tooltip_padding_tablet&quot;:{&quot;unit&quot;:&quot;px&quot;,&quot;top&quot;:&quot;&quot;,&quot;right&quot;:&quot;&quot;,&quot;bottom&quot;:&quot;&quot;,&quot;left&quot;:&quot;&quot;,&quot;isLinked&quot;:true},&quot;element_pack_global_tooltip_padding_mobile&quot;:{&quot;unit&quot;:&quot;px&quot;,&quot;top&quot;:&quot;&quot;,&quot;right&quot;:&quot;&quot;,&quot;bottom&quot;:&quot;&quot;,&quot;left&quot;:&quot;&quot;,&quot;isLinked&quot;:true},&quot;element_pack_global_tooltip_border_radius&quot;:{&quot;unit&quot;:&quot;px&quot;,&quot;top&quot;:&quot;&quot;,&quot;right&quot;:&quot;&quot;,&quot;bottom&quot;:&quot;&quot;,&quot;left&quot;:&quot;&quot;,&quot;isLinked&quot;:true},&quot;element_pack_global_tooltip_border_radius_tablet&quot;:{&quot;unit&quot;:&quot;px&quot;,&quot;top&quot;:&quot;&quot;,&quot;right&quot;:&quot;&quot;,&quot;bottom&quot;:&quot;&quot;,&quot;left&quot;:&quot;&quot;,&quot;isLinked&quot;:true},&quot;element_pack_global_tooltip_border_radius_mobile&quot;:{&quot;unit&quot;:&quot;px&quot;,&quot;top&quot;:&quot;&quot;,&quot;right&quot;:&quot;&quot;,&quot;bottom&quot;:&quot;&quot;,&quot;left&quot;:&quot;&quot;,&quot;isLinked&quot;:true}}\" data-elementor-post-type=\"page\">\n\t\t\t\t\t\t<section class=\"elementor-section elementor-top-section elementor-element elementor-element-368702f elementor-section-boxed elementor-section-height-default elementor-section-height-default\" data-id=\"368702f\" data-element_type=\"section\" data-e-type=\"section\">\n\t\t\t\t\t\t<div class=\"elementor-container elementor-column-gap-default\">\n\t\t\t\t\t<div class=\"elementor-column elementor-col-100 elementor-top-column elementor-element elementor-element-50783f5\" data-id=\"50783f5\" data-element_type=\"column\" data-e-type=\"column\">\n\t\t\t<div class=\"elementor-widget-wrap elementor-element-populated\">\n\t\t\t\t\t\t<div class=\"elementor-element elementor-element-6444025 elementor-widget elementor-widget-text-editor\" data-id=\"6444025\" data-element_type=\"widget\" data-e-type=\"widget\" data-widget_type=\"text-editor.default\">\n\t\t\t\t<div class=\"elementor-widget-container\">\n\t\t\t\t\t\t\t\t\t<h1><strong>QUALIDADE E CERTIFICA\u00c7\u00d5ES<\/strong><\/h1>\t\t\t\t\t\t\t\t<\/div>\n\t\t\t\t<\/div>\n\t\t\t\t<div class=\"elementor-element elementor-element-6458e34 elementor-widget elementor-widget-text-editor\" data-id=\"6458e34\" data-element_type=\"widget\" data-e-type=\"widget\" data-widget_type=\"text-editor.default\">\n\t\t\t\t<div class=\"elementor-widget-container\">\n\t\t\t\t\t\t\t\t\t<div><div><div><h2><span style=\"color: #000000;\">Qualidade e Certifica\u00e7\u00f5es<\/span><\/h2><\/div><\/div><\/div><div><p><span style=\"color: #000000;\">Atualmente, grande parte dos produtos j\u00e1 tem a certifica\u00e7\u00e3o florestal do FSC\u00aeC112103 (Forest Stewardship Council\u00ae), e tamb\u00e9m a certifica\u00e7\u00e3o ISO 9001.<\/span><\/p><p><span style=\"color: #000000;\"><img decoding=\"async\" title=\"Certificado SGS\" src=\"https:\/\/lojapertech.vtexassets.com\/assets\/vtex.file-manager-graphql\/images\/10ed3f4a-70d1-4963-9853-7808b0e965ae___14cc47602e910fd3e7c017c11c200419.png\" alt=\"Certificado SGS!\" \/>\u00a0 \u00a0 \u00a0 \u00a0 \u00a0<\/span><span style=\"color: #000000;\"> <img decoding=\"async\" class=\"\" src=\"https:\/\/pertech.com.br\/teste\/wp-content\/uploads\/2024\/03\/FSC_C112103_Promotional_with_text_Portrait_WhiteOnGreen_r_2zzrs7-688x1024.png\" width=\"106\" height=\"158\" \/><\/span><\/p><p><span style=\"color: #000000;\">Consulte a Central de Atendimento sobre as diversas linhas de produtos e as certifica\u00e7\u00f5es espec\u00edficas, correspondentes a cada uma. Todos esses diferenciais transformaram a Pertech\u00ae em uma das marcas mais renomadas em solu\u00e7\u00f5es para revestimentos para arquitetura e design de interiores, no Brasil e em diversas regi\u00f5es do mundo.<\/span><\/p><p><span style=\"color: #000000;\"><strong>Pol\u00edtica Integrada<\/strong><\/span><\/p><p><span style=\"color: #000000;\">A Pertech do Brasil, fabricante de Laminados Decorativos de Alta Press\u00e3o e Resinas tem como diretriz:<\/span><\/p><ul><li><span style=\"color: #000000;\">Satisfazer clientes, funcion\u00e1rios e cotistas.<\/span><\/li><li><span style=\"color: #000000;\">Atuar em aplica\u00e7\u00f5es focadas nas necessidades dos clientes e tend\u00eancias mercadol\u00f3gicas.<\/span><\/li><\/ul><ul><li><span style=\"color: #000000;\">Atender aos requisitos legais aplic\u00e1veis e melhorar continuamente os processos.<\/span><\/li><\/ul><ul><li><span style=\"color: #000000;\">Proteger o Meio Ambiente e utilizar com responsabilidade os recursos naturais dispon\u00edveis.<\/span><\/li><\/ul><ul><li><span style=\"color: #000000;\">Promover um Ambiente de Trabalho Seguro.<\/span><\/li><\/ul><p><span style=\"color: #000000;\">Edevaldo Sabaine<\/span><br \/><span style=\"color: #000000;\">Diretor Presidente<\/span><br \/><span style=\"color: #000000;\">Fevereiro\/2025<\/span><\/p><\/div>\t\t\t\t\t\t\t\t<\/div>\n\t\t\t\t<\/div>\n\t\t\t\t\t<\/div>\n\t\t<\/div>\n\t\t\t\t\t<\/div>\n\t\t<\/section>\n\t\t\t\t<\/div>\n\t\t","protected":false},"excerpt":{"rendered":"<p>QUALIDADE E CERTIFICA\u00c7\u00d5ES Qualidade e Certifica\u00e7\u00f5es Atualmente, grande parte dos produtos j\u00e1 tem a certifica\u00e7\u00e3o florestal do FSC\u00aeC112103 (Forest Stewardship Council\u00ae), e tamb\u00e9m a certifica\u00e7\u00e3o ISO 9001. \u00a0 \u00a0 \u00a0 \u00a0 \u00a0 Consulte a Central de Atendimento sobre as diversas linhas de produtos e as certifica\u00e7\u00f5es espec\u00edficas, correspondentes a cada uma. Todos esses diferenciais transformaram [&hellip;]<\/p>\n","protected":false},"author":6,"featured_media":0,"parent":0,"menu_order":0,"comment_status":"closed","ping_status":"closed","template":"elementor_header_footer","meta":{"_acf_changed":false,"footnotes":""},"class_list":["post-19860","page","type-page","status-publish","hentry"],"acf":[],"yoast_head":"<!-- This site is optimized with the Yoast SEO Premium plugin v26.0 (Yoast SEO v26.9) - https:\/\/yoast.com\/product\/yoast-seo-premium-wordpress\/ -->\n<title>Qualidade e Certifica\u00e7\u00f5es - Pertech<\/title>\n<meta name=\"robots\" content=\"index, follow, max-snippet:-1, max-image-preview:large, max-video-preview:-1\" \/>\n<link rel=\"canonical\" href=\"https:\/\/pertech.com.br\/teste\/qualidade-certificacoes\/\" \/>\n<meta property=\"og:locale\" content=\"pt_BR\" \/>\n<meta property=\"og:type\" content=\"article\" \/>\n<meta property=\"og:title\" content=\"Qualidade e Certifica\u00e7\u00f5es\" \/>\n<meta property=\"og:description\" content=\"QUALIDADE E CERTIFICA\u00c7\u00d5ES Qualidade e Certifica\u00e7\u00f5es Atualmente, grande parte dos produtos j\u00e1 tem a certifica\u00e7\u00e3o florestal do FSC\u00aeC112103 (Forest Stewardship Council\u00ae), e tamb\u00e9m a certifica\u00e7\u00e3o ISO 9001. \u00a0 \u00a0 \u00a0 \u00a0 \u00a0 Consulte a Central de Atendimento sobre as diversas linhas de produtos e as certifica\u00e7\u00f5es espec\u00edficas, correspondentes a cada uma. Todos esses diferenciais transformaram [&hellip;]\" \/>\n<meta property=\"og:url\" content=\"https:\/\/pertech.com.br\/teste\/qualidade-certificacoes\/\" \/>\n<meta property=\"og:site_name\" content=\"Pertech\" \/>\n<meta property=\"article:modified_time\" content=\"2025-07-11T14:09:22+00:00\" \/>\n<meta property=\"og:image\" content=\"https:\/\/lojapertech.vtexassets.com\/assets\/vtex.file-manager-graphql\/images\/10ed3f4a-70d1-4963-9853-7808b0e965ae___14cc47602e910fd3e7c017c11c200419.png\" \/>\n<meta name=\"twitter:card\" content=\"summary_large_image\" \/>\n<meta name=\"twitter:label1\" content=\"Est. tempo de leitura\" \/>\n\t<meta name=\"twitter:data1\" content=\"1 minuto\" \/>\n<script type=\"application\/ld+json\" class=\"yoast-schema-graph\">{\"@context\":\"https:\/\/schema.org\",\"@graph\":[{\"@type\":\"WebPage\",\"@id\":\"https:\/\/pertech.com.br\/teste\/qualidade-certificacoes\/\",\"url\":\"https:\/\/pertech.com.br\/teste\/qualidade-certificacoes\/\",\"name\":\"Qualidade e Certifica\u00e7\u00f5es - Pertech\",\"isPartOf\":{\"@id\":\"https:\/\/pertech.com.br\/teste\/#website\"},\"primaryImageOfPage\":{\"@id\":\"https:\/\/pertech.com.br\/teste\/qualidade-certificacoes\/#primaryimage\"},\"image\":{\"@id\":\"https:\/\/pertech.com.br\/teste\/qualidade-certificacoes\/#primaryimage\"},\"thumbnailUrl\":\"https:\/\/lojapertech.vtexassets.com\/assets\/vtex.file-manager-graphql\/images\/10ed3f4a-70d1-4963-9853-7808b0e965ae___14cc47602e910fd3e7c017c11c200419.png\",\"datePublished\":\"2024-11-18T14:14:21+00:00\",\"dateModified\":\"2025-07-11T14:09:22+00:00\",\"breadcrumb\":{\"@id\":\"https:\/\/pertech.com.br\/teste\/qualidade-certificacoes\/#breadcrumb\"},\"inLanguage\":\"pt-BR\",\"potentialAction\":[{\"@type\":\"ReadAction\",\"target\":[\"https:\/\/pertech.com.br\/teste\/qualidade-certificacoes\/\"]}]},{\"@type\":\"ImageObject\",\"inLanguage\":\"pt-BR\",\"@id\":\"https:\/\/pertech.com.br\/teste\/qualidade-certificacoes\/#primaryimage\",\"url\":\"https:\/\/lojapertech.vtexassets.com\/assets\/vtex.file-manager-graphql\/images\/10ed3f4a-70d1-4963-9853-7808b0e965ae___14cc47602e910fd3e7c017c11c200419.png\",\"contentUrl\":\"https:\/\/lojapertech.vtexassets.com\/assets\/vtex.file-manager-graphql\/images\/10ed3f4a-70d1-4963-9853-7808b0e965ae___14cc47602e910fd3e7c017c11c200419.png\"},{\"@type\":\"BreadcrumbList\",\"@id\":\"https:\/\/pertech.com.br\/teste\/qualidade-certificacoes\/#breadcrumb\",\"itemListElement\":[{\"@type\":\"ListItem\",\"position\":1,\"name\":\"In\u00edcio\",\"item\":\"https:\/\/pertech.com.br\/teste\/\"},{\"@type\":\"ListItem\",\"position\":2,\"name\":\"Qualidade e Certifica\u00e7\u00f5es\"}]},{\"@type\":\"WebSite\",\"@id\":\"https:\/\/pertech.com.br\/teste\/#website\",\"url\":\"https:\/\/pertech.com.br\/teste\/\",\"name\":\"Pertech\",\"description\":\"\",\"potentialAction\":[{\"@type\":\"SearchAction\",\"target\":{\"@type\":\"EntryPoint\",\"urlTemplate\":\"https:\/\/pertech.com.br\/teste\/?s={search_term_string}\"},\"query-input\":{\"@type\":\"PropertyValueSpecification\",\"valueRequired\":true,\"valueName\":\"search_term_string\"}}],\"inLanguage\":\"pt-BR\"}]}<\/script>\n<!-- \/ Yoast SEO Premium plugin. -->","yoast_head_json":{"title":"Qualidade e Certifica\u00e7\u00f5es - Pertech","robots":{"index":"index","follow":"follow","max-snippet":"max-snippet:-1","max-image-preview":"max-image-preview:large","max-video-preview":"max-video-preview:-1"},"canonical":"https:\/\/pertech.com.br\/teste\/qualidade-certificacoes\/","og_locale":"pt_BR","og_type":"article","og_title":"Qualidade e Certifica\u00e7\u00f5es","og_description":"QUALIDADE E CERTIFICA\u00c7\u00d5ES Qualidade e Certifica\u00e7\u00f5es Atualmente, grande parte dos produtos j\u00e1 tem a certifica\u00e7\u00e3o florestal do FSC\u00aeC112103 (Forest Stewardship Council\u00ae), e tamb\u00e9m a certifica\u00e7\u00e3o ISO 9001. \u00a0 \u00a0 \u00a0 \u00a0 \u00a0 Consulte a Central de Atendimento sobre as diversas linhas de produtos e as certifica\u00e7\u00f5es espec\u00edficas, correspondentes a cada uma. Todos esses diferenciais transformaram [&hellip;]","og_url":"https:\/\/pertech.com.br\/teste\/qualidade-certificacoes\/","og_site_name":"Pertech","article_modified_time":"2025-07-11T14:09:22+00:00","og_image":[{"url":"https:\/\/lojapertech.vtexassets.com\/assets\/vtex.file-manager-graphql\/images\/10ed3f4a-70d1-4963-9853-7808b0e965ae___14cc47602e910fd3e7c017c11c200419.png","type":"","width":"","height":""}],"twitter_card":"summary_large_image","twitter_misc":{"Est. tempo de leitura":"1 minuto"},"schema":{"@context":"https:\/\/schema.org","@graph":[{"@type":"WebPage","@id":"https:\/\/pertech.com.br\/teste\/qualidade-certificacoes\/","url":"https:\/\/pertech.com.br\/teste\/qualidade-certificacoes\/","name":"Qualidade e Certifica\u00e7\u00f5es - Pertech","isPartOf":{"@id":"https:\/\/pertech.com.br\/teste\/#website"},"primaryImageOfPage":{"@id":"https:\/\/pertech.com.br\/teste\/qualidade-certificacoes\/#primaryimage"},"image":{"@id":"https:\/\/pertech.com.br\/teste\/qualidade-certificacoes\/#primaryimage"},"thumbnailUrl":"https:\/\/lojapertech.vtexassets.com\/assets\/vtex.file-manager-graphql\/images\/10ed3f4a-70d1-4963-9853-7808b0e965ae___14cc47602e910fd3e7c017c11c200419.png","datePublished":"2024-11-18T14:14:21+00:00","dateModified":"2025-07-11T14:09:22+00:00","breadcrumb":{"@id":"https:\/\/pertech.com.br\/teste\/qualidade-certificacoes\/#breadcrumb"},"inLanguage":"pt-BR","potentialAction":[{"@type":"ReadAction","target":["https:\/\/pertech.com.br\/teste\/qualidade-certificacoes\/"]}]},{"@type":"ImageObject","inLanguage":"pt-BR","@id":"https:\/\/pertech.com.br\/teste\/qualidade-certificacoes\/#primaryimage","url":"https:\/\/lojapertech.vtexassets.com\/assets\/vtex.file-manager-graphql\/images\/10ed3f4a-70d1-4963-9853-7808b0e965ae___14cc47602e910fd3e7c017c11c200419.png","contentUrl":"https:\/\/lojapertech.vtexassets.com\/assets\/vtex.file-manager-graphql\/images\/10ed3f4a-70d1-4963-9853-7808b0e965ae___14cc47602e910fd3e7c017c11c200419.png"},{"@type":"BreadcrumbList","@id":"https:\/\/pertech.com.br\/teste\/qualidade-certificacoes\/#breadcrumb","itemListElement":[{"@type":"ListItem","position":1,"name":"In\u00edcio","item":"https:\/\/pertech.com.br\/teste\/"},{"@type":"ListItem","position":2,"name":"Qualidade e Certifica\u00e7\u00f5es"}]},{"@type":"WebSite","@id":"https:\/\/pertech.com.br\/teste\/#website","url":"https:\/\/pertech.com.br\/teste\/","name":"Pertech","description":"","potentialAction":[{"@type":"SearchAction","target":{"@type":"EntryPoint","urlTemplate":"https:\/\/pertech.com.br\/teste\/?s={search_term_string}"},"query-input":{"@type":"PropertyValueSpecification","valueRequired":true,"valueName":"search_term_string"}}],"inLanguage":"pt-BR"}]}},"_links":{"self":[{"href":"https:\/\/pertech.com.br\/teste\/wp-json\/wp\/v2\/pages\/19860","targetHints":{"allow":["GET"]}}],"collection":[{"href":"https:\/\/pertech.com.br\/teste\/wp-json\/wp\/v2\/pages"}],"about":[{"href":"https:\/\/pertech.com.br\/teste\/wp-json\/wp\/v2\/types\/page"}],"author":[{"embeddable":true,"href":"https:\/\/pertech.com.br\/teste\/wp-json\/wp\/v2\/users\/6"}],"replies":[{"embeddable":true,"href":"https:\/\/pertech.com.br\/teste\/wp-json\/wp\/v2\/comments?post=19860"}],"version-history":[{"count":0,"href":"https:\/\/pertech.com.br\/teste\/wp-json\/wp\/v2\/pages\/19860\/revisions"}],"wp:attachment":[{"href":"https:\/\/pertech.com.br\/teste\/wp-json\/wp\/v2\/media?parent=19860"}],"curies":[{"name":"wp","href":"https:\/\/api.w.org\/{rel}","templated":true}]}}