{"id":7803,"date":"2023-03-28T14:30:27","date_gmt":"2023-03-28T14:30:27","guid":{"rendered":"https:\/\/pertech.com.br\/teste\/?page_id=7803"},"modified":"2025-07-25T11:26:32","modified_gmt":"2025-07-25T11:26:32","slug":"download-catalogos","status":"publish","type":"page","link":"https:\/\/pertech.com.br\/teste\/download-catalogos\/","title":{"rendered":"Cat\u00e1logos"},"content":{"rendered":"\t\t<div data-elementor-type=\"wp-page\" data-elementor-id=\"7803\" class=\"elementor elementor-7803\" data-elementor-settings=\"{&quot;element_pack_global_tooltip_width&quot;:{&quot;unit&quot;:&quot;px&quot;,&quot;size&quot;:&quot;&quot;,&quot;sizes&quot;:[]},&quot;element_pack_global_tooltip_width_tablet&quot;:{&quot;unit&quot;:&quot;px&quot;,&quot;size&quot;:&quot;&quot;,&quot;sizes&quot;:[]},&quot;element_pack_global_tooltip_width_mobile&quot;:{&quot;unit&quot;:&quot;px&quot;,&quot;size&quot;:&quot;&quot;,&quot;sizes&quot;:[]},&quot;element_pack_global_tooltip_padding&quot;:{&quot;unit&quot;:&quot;px&quot;,&quot;top&quot;:&quot;&quot;,&quot;right&quot;:&quot;&quot;,&quot;bottom&quot;:&quot;&quot;,&quot;left&quot;:&quot;&quot;,&quot;isLinked&quot;:true},&quot;element_pack_global_tooltip_padding_tablet&quot;:{&quot;unit&quot;:&quot;px&quot;,&quot;top&quot;:&quot;&quot;,&quot;right&quot;:&quot;&quot;,&quot;bottom&quot;:&quot;&quot;,&quot;left&quot;:&quot;&quot;,&quot;isLinked&quot;:true},&quot;element_pack_global_tooltip_padding_mobile&quot;:{&quot;unit&quot;:&quot;px&quot;,&quot;top&quot;:&quot;&quot;,&quot;right&quot;:&quot;&quot;,&quot;bottom&quot;:&quot;&quot;,&quot;left&quot;:&quot;&quot;,&quot;isLinked&quot;:true},&quot;element_pack_global_tooltip_border_radius&quot;:{&quot;unit&quot;:&quot;px&quot;,&quot;top&quot;:&quot;&quot;,&quot;right&quot;:&quot;&quot;,&quot;bottom&quot;:&quot;&quot;,&quot;left&quot;:&quot;&quot;,&quot;isLinked&quot;:true},&quot;element_pack_global_tooltip_border_radius_tablet&quot;:{&quot;unit&quot;:&quot;px&quot;,&quot;top&quot;:&quot;&quot;,&quot;right&quot;:&quot;&quot;,&quot;bottom&quot;:&quot;&quot;,&quot;left&quot;:&quot;&quot;,&quot;isLinked&quot;:true},&quot;element_pack_global_tooltip_border_radius_mobile&quot;:{&quot;unit&quot;:&quot;px&quot;,&quot;top&quot;:&quot;&quot;,&quot;right&quot;:&quot;&quot;,&quot;bottom&quot;:&quot;&quot;,&quot;left&quot;:&quot;&quot;,&quot;isLinked&quot;:true}}\" data-elementor-post-type=\"page\">\n\t\t\t\t\t\t<section class=\"elementor-section elementor-top-section elementor-element elementor-element-4529f0e elementor-section-boxed elementor-section-height-default elementor-section-height-default\" data-id=\"4529f0e\" data-element_type=\"section\" data-e-type=\"section\" data-settings=\"{&quot;background_background&quot;:&quot;classic&quot;}\">\n\t\t\t\t\t\t<div class=\"elementor-container elementor-column-gap-default\">\n\t\t\t\t\t<div class=\"elementor-column elementor-col-100 elementor-top-column elementor-element elementor-element-dc62ebc\" data-id=\"dc62ebc\" data-element_type=\"column\" data-e-type=\"column\">\n\t\t\t<div class=\"elementor-widget-wrap elementor-element-populated\">\n\t\t\t\t\t\t<div class=\"elementor-element elementor-element-ab3419b elementor-hidden-phone elementor-widget elementor-widget-heading\" data-id=\"ab3419b\" data-element_type=\"widget\" data-e-type=\"widget\" data-widget_type=\"heading.default\">\n\t\t\t\t<div class=\"elementor-widget-container\">\n\t\t\t\t\t<h2 class=\"elementor-heading-title elementor-size-default\">CAT\u00c1LOGOS<\/h2>\t\t\t\t<\/div>\n\t\t\t\t<\/div>\n\t\t\t\t<section class=\"elementor-section elementor-inner-section elementor-element elementor-element-c0b5d54 elementor-section-boxed elementor-section-height-default elementor-section-height-default\" data-id=\"c0b5d54\" data-element_type=\"section\" data-e-type=\"section\">\n\t\t\t\t\t\t<div class=\"elementor-container elementor-column-gap-default\">\n\t\t\t\t\t<div class=\"elementor-column elementor-col-33 elementor-inner-column elementor-element elementor-element-88f3dd9\" data-id=\"88f3dd9\" data-element_type=\"column\" data-e-type=\"column\">\n\t\t\t<div class=\"elementor-widget-wrap elementor-element-populated\">\n\t\t\t\t\t\t<div class=\"elementor-element elementor-element-b21be8b elementor-widget elementor-widget-image\" data-id=\"b21be8b\" data-element_type=\"widget\" data-e-type=\"widget\" data-widget_type=\"image.default\">\n\t\t\t\t<div class=\"elementor-widget-container\">\n\t\t\t\t\t\t\t\t\t\t\t\t\t\t\t\t<a href=\"https:\/\/pertech.com.br\/teste\/wp-content\/uploads\/2025\/03\/NOVA-CARTELA-2025-2-1.pdf\">\n\t\t\t\t\t\t\t<img fetchpriority=\"high\" decoding=\"async\" width=\"599\" height=\"847\" src=\"https:\/\/pertech.com.br\/teste\/wp-content\/uploads\/2025\/03\/CAPA-CORES.jpg\" class=\"attachment-large size-large wp-image-21856\" alt=\"\" srcset=\"https:\/\/pertech.com.br\/teste\/wp-content\/uploads\/2025\/03\/CAPA-CORES.jpg 599w, https:\/\/pertech.com.br\/teste\/wp-content\/uploads\/2025\/03\/CAPA-CORES-212x300.jpg 212w\" sizes=\"(max-width: 599px) 100vw, 599px\" \/>\t\t\t\t\t\t\t\t<\/a>\n\t\t\t\t\t\t\t\t\t\t\t\t\t\t\t<\/div>\n\t\t\t\t<\/div>\n\t\t\t\t<div class=\"elementor-element elementor-element-863bfe3 elementor-widget elementor-widget-text-editor\" data-id=\"863bfe3\" data-element_type=\"widget\" data-e-type=\"widget\" data-widget_type=\"text-editor.default\">\n\t\t\t\t<div class=\"elementor-widget-container\">\n\t\t\t\t\t\t\t\t\t<h5>Cores e Texturas<\/h5>\t\t\t\t\t\t\t\t<\/div>\n\t\t\t\t<\/div>\n\t\t\t\t<div class=\"elementor-element elementor-element-5151e5a elementor-align-center elementor-widget__width-initial elementor-widget elementor-widget-button\" data-id=\"5151e5a\" data-element_type=\"widget\" data-e-type=\"widget\" data-widget_type=\"button.default\">\n\t\t\t\t<div class=\"elementor-widget-container\">\n\t\t\t\t\t\t\t\t\t<div class=\"elementor-button-wrapper\">\n\t\t\t\t\t<a class=\"elementor-button elementor-button-link elementor-size-sm\" href=\"https:\/\/pertech.com.br\/teste\/wp-content\/uploads\/2025\/03\/NOVA-CARTELA-2025-2-1-compressed.pdf\" target=\"_blank\">\n\t\t\t\t\t\t<span class=\"elementor-button-content-wrapper\">\n\t\t\t\t\t\t\t\t\t<span class=\"elementor-button-text\">Baixar<\/span>\n\t\t\t\t\t<\/span>\n\t\t\t\t\t<\/a>\n\t\t\t\t<\/div>\n\t\t\t\t\t\t\t\t<\/div>\n\t\t\t\t<\/div>\n\t\t\t\t\t<\/div>\n\t\t<\/div>\n\t\t\t\t<div class=\"elementor-column elementor-col-33 elementor-inner-column elementor-element elementor-element-1bf1f58\" data-id=\"1bf1f58\" data-element_type=\"column\" data-e-type=\"column\">\n\t\t\t<div class=\"elementor-widget-wrap elementor-element-populated\">\n\t\t\t\t\t\t<div class=\"elementor-element elementor-element-c80cee2 elementor-widget elementor-widget-image\" data-id=\"c80cee2\" data-element_type=\"widget\" data-e-type=\"widget\" data-widget_type=\"image.default\">\n\t\t\t\t<div class=\"elementor-widget-container\">\n\t\t\t\t\t\t\t\t\t\t\t\t\t\t\t\t<a href=\"https:\/\/pertech.com.br\/teste\/wp-content\/uploads\/2025\/03\/CATALOGO-INSTITUCIONAL-2025-DIGITAL-1.pdf\">\n\t\t\t\t\t\t\t<img decoding=\"async\" width=\"599\" height=\"847\" src=\"https:\/\/pertech.com.br\/teste\/wp-content\/uploads\/2025\/03\/CAPA-INSTIT.jpg\" class=\"attachment-large size-large wp-image-21857\" alt=\"\" srcset=\"https:\/\/pertech.com.br\/teste\/wp-content\/uploads\/2025\/03\/CAPA-INSTIT.jpg 599w, https:\/\/pertech.com.br\/teste\/wp-content\/uploads\/2025\/03\/CAPA-INSTIT-212x300.jpg 212w\" sizes=\"(max-width: 599px) 100vw, 599px\" \/>\t\t\t\t\t\t\t\t<\/a>\n\t\t\t\t\t\t\t\t\t\t\t\t\t\t\t<\/div>\n\t\t\t\t<\/div>\n\t\t\t\t<div class=\"elementor-element elementor-element-fecb0ce elementor-widget elementor-widget-text-editor\" data-id=\"fecb0ce\" data-element_type=\"widget\" data-e-type=\"widget\" data-widget_type=\"text-editor.default\">\n\t\t\t\t<div class=\"elementor-widget-container\">\n\t\t\t\t\t\t\t\t\t<h5>C\u00e1talogo de Produtos<\/h5>\t\t\t\t\t\t\t\t<\/div>\n\t\t\t\t<\/div>\n\t\t\t\t<div class=\"elementor-element elementor-element-13f9e86 elementor-align-center elementor-widget__width-initial elementor-widget elementor-widget-button\" data-id=\"13f9e86\" data-element_type=\"widget\" data-e-type=\"widget\" data-widget_type=\"button.default\">\n\t\t\t\t<div class=\"elementor-widget-container\">\n\t\t\t\t\t\t\t\t\t<div class=\"elementor-button-wrapper\">\n\t\t\t\t\t<a class=\"elementor-button elementor-button-link elementor-size-sm\" href=\"https:\/\/pertech.com.br\/teste\/wp-content\/uploads\/2025\/03\/CATALOGO-INSTITUCIONAL-2025-DIGITAL-1.pdf\" target=\"_blank\">\n\t\t\t\t\t\t<span class=\"elementor-button-content-wrapper\">\n\t\t\t\t\t\t\t\t\t<span class=\"elementor-button-text\">Baixar<\/span>\n\t\t\t\t\t<\/span>\n\t\t\t\t\t<\/a>\n\t\t\t\t<\/div>\n\t\t\t\t\t\t\t\t<\/div>\n\t\t\t\t<\/div>\n\t\t\t\t\t<\/div>\n\t\t<\/div>\n\t\t\t\t<div class=\"elementor-column elementor-col-33 elementor-inner-column elementor-element elementor-element-86d8ea0\" data-id=\"86d8ea0\" data-element_type=\"column\" data-e-type=\"column\">\n\t\t\t<div class=\"elementor-widget-wrap elementor-element-populated\">\n\t\t\t\t\t\t<div class=\"elementor-element elementor-element-941b2ff elementor-widget elementor-widget-image\" data-id=\"941b2ff\" data-element_type=\"widget\" data-e-type=\"widget\" data-widget_type=\"image.default\">\n\t\t\t\t<div class=\"elementor-widget-container\">\n\t\t\t\t\t\t\t\t\t\t\t\t\t\t\t\t<a href=\"https:\/\/pertech.com.br\/teste\/wp-content\/uploads\/2025\/03\/CATALOGO-DIVISORIAS-2025_compressed.pdf\">\n\t\t\t\t\t\t\t<img decoding=\"async\" width=\"599\" height=\"847\" src=\"https:\/\/pertech.com.br\/teste\/wp-content\/uploads\/2025\/03\/CAPA-DIV.jpg\" class=\"attachment-large size-large wp-image-21858\" alt=\"\" srcset=\"https:\/\/pertech.com.br\/teste\/wp-content\/uploads\/2025\/03\/CAPA-DIV.jpg 599w, https:\/\/pertech.com.br\/teste\/wp-content\/uploads\/2025\/03\/CAPA-DIV-212x300.jpg 212w\" sizes=\"(max-width: 599px) 100vw, 599px\" \/>\t\t\t\t\t\t\t\t<\/a>\n\t\t\t\t\t\t\t\t\t\t\t\t\t\t\t<\/div>\n\t\t\t\t<\/div>\n\t\t\t\t<div class=\"elementor-element elementor-element-65550dd elementor-widget elementor-widget-text-editor\" data-id=\"65550dd\" data-element_type=\"widget\" data-e-type=\"widget\" data-widget_type=\"text-editor.default\">\n\t\t\t\t<div class=\"elementor-widget-container\">\n\t\t\t\t\t\t\t\t\t<h5>Divis\u00f3rias SANIT\u00c1RIAS<\/h5>\t\t\t\t\t\t\t\t<\/div>\n\t\t\t\t<\/div>\n\t\t\t\t<div class=\"elementor-element elementor-element-4f7a535 elementor-align-center elementor-widget__width-initial elementor-widget elementor-widget-button\" data-id=\"4f7a535\" data-element_type=\"widget\" data-e-type=\"widget\" data-widget_type=\"button.default\">\n\t\t\t\t<div class=\"elementor-widget-container\">\n\t\t\t\t\t\t\t\t\t<div class=\"elementor-button-wrapper\">\n\t\t\t\t\t<a class=\"elementor-button elementor-button-link elementor-size-sm\" href=\"https:\/\/pertech.com.br\/teste\/wp-content\/uploads\/2025\/07\/CATALOGO-DIVISORIAS-2025-DIGITAL_compressed.pdf\" target=\"_blank\">\n\t\t\t\t\t\t<span class=\"elementor-button-content-wrapper\">\n\t\t\t\t\t\t\t\t\t<span class=\"elementor-button-text\">Baixar<\/span>\n\t\t\t\t\t<\/span>\n\t\t\t\t\t<\/a>\n\t\t\t\t<\/div>\n\t\t\t\t\t\t\t\t<\/div>\n\t\t\t\t<\/div>\n\t\t\t\t\t<\/div>\n\t\t<\/div>\n\t\t\t\t\t<\/div>\n\t\t<\/section>\n\t\t\t\t<section class=\"elementor-section elementor-inner-section elementor-element elementor-element-ca36d9f elementor-section-boxed elementor-section-height-default elementor-section-height-default\" data-id=\"ca36d9f\" data-element_type=\"section\" data-e-type=\"section\">\n\t\t\t\t\t\t<div class=\"elementor-container elementor-column-gap-default\">\n\t\t\t\t\t<div class=\"elementor-column elementor-col-33 elementor-inner-column elementor-element elementor-element-1df7990\" data-id=\"1df7990\" data-element_type=\"column\" data-e-type=\"column\">\n\t\t\t<div class=\"elementor-widget-wrap elementor-element-populated\">\n\t\t\t\t\t\t<div class=\"elementor-element elementor-element-3bee055 elementor-widget elementor-widget-image\" data-id=\"3bee055\" data-element_type=\"widget\" data-e-type=\"widget\" data-widget_type=\"image.default\">\n\t\t\t\t<div class=\"elementor-widget-container\">\n\t\t\t\t\t\t\t\t\t\t\t\t\t\t\t\t<a href=\"https:\/\/pertech.com.br\/teste\/wp-content\/uploads\/2025\/03\/CATALOGO-PANELEX-2025-DIGITAL_compressed.pdf\">\n\t\t\t\t\t\t\t<img loading=\"lazy\" decoding=\"async\" width=\"599\" height=\"847\" src=\"https:\/\/pertech.com.br\/teste\/wp-content\/uploads\/2025\/07\/Design-sem-nome-47-1.jpg\" class=\"attachment-large size-large wp-image-24495\" alt=\"\" srcset=\"https:\/\/pertech.com.br\/teste\/wp-content\/uploads\/2025\/07\/Design-sem-nome-47-1.jpg 599w, https:\/\/pertech.com.br\/teste\/wp-content\/uploads\/2025\/07\/Design-sem-nome-47-1-212x300.jpg 212w\" sizes=\"(max-width: 599px) 100vw, 599px\" \/>\t\t\t\t\t\t\t\t<\/a>\n\t\t\t\t\t\t\t\t\t\t\t\t\t\t\t<\/div>\n\t\t\t\t<\/div>\n\t\t\t\t<div class=\"elementor-element elementor-element-16b9dc6 elementor-widget elementor-widget-text-editor\" data-id=\"16b9dc6\" data-element_type=\"widget\" data-e-type=\"widget\" data-widget_type=\"text-editor.default\">\n\t\t\t\t<div class=\"elementor-widget-container\">\n\t\t\t\t\t\t\t\t\t<h5>PERTECH EXTERIOR<\/h5>\t\t\t\t\t\t\t\t<\/div>\n\t\t\t\t<\/div>\n\t\t\t\t<div class=\"elementor-element elementor-element-3f13aa2 elementor-align-center elementor-widget__width-initial elementor-widget elementor-widget-button\" data-id=\"3f13aa2\" data-element_type=\"widget\" data-e-type=\"widget\" data-widget_type=\"button.default\">\n\t\t\t\t<div class=\"elementor-widget-container\">\n\t\t\t\t\t\t\t\t\t<div class=\"elementor-button-wrapper\">\n\t\t\t\t\t<a class=\"elementor-button elementor-button-link elementor-size-sm\" href=\"https:\/\/pertech.com.br\/teste\/wp-content\/uploads\/2025\/07\/CATALOGO-PERTECH-EXTERIOR-DIGITAL-2025-menor.pdf\" target=\"_blank\">\n\t\t\t\t\t\t<span class=\"elementor-button-content-wrapper\">\n\t\t\t\t\t\t\t\t\t<span class=\"elementor-button-text\">Baixar<\/span>\n\t\t\t\t\t<\/span>\n\t\t\t\t\t<\/a>\n\t\t\t\t<\/div>\n\t\t\t\t\t\t\t\t<\/div>\n\t\t\t\t<\/div>\n\t\t\t\t\t<\/div>\n\t\t<\/div>\n\t\t\t\t<div class=\"elementor-column elementor-col-33 elementor-inner-column elementor-element elementor-element-ac38b74\" data-id=\"ac38b74\" data-element_type=\"column\" data-e-type=\"column\">\n\t\t\t<div class=\"elementor-widget-wrap elementor-element-populated\">\n\t\t\t\t\t\t<div class=\"elementor-element elementor-element-5ede592 elementor-widget elementor-widget-image\" data-id=\"5ede592\" data-element_type=\"widget\" data-e-type=\"widget\" data-widget_type=\"image.default\">\n\t\t\t\t<div class=\"elementor-widget-container\">\n\t\t\t\t\t\t\t\t\t\t\t\t\t\t\t\t<a href=\"https:\/\/pertech.com.br\/teste\/wp-content\/uploads\/2025\/03\/CATALOGO-PANELEX-2025-DIGITAL_compressed.pdf\">\n\t\t\t\t\t\t\t<img loading=\"lazy\" decoding=\"async\" width=\"396\" height=\"551\" src=\"https:\/\/pertech.com.br\/teste\/wp-content\/uploads\/2025\/07\/Capa-Cores-e-Texturas.jpg\" class=\"attachment-large size-large wp-image-24633\" alt=\"\" srcset=\"https:\/\/pertech.com.br\/teste\/wp-content\/uploads\/2025\/07\/Capa-Cores-e-Texturas.jpg 396w, https:\/\/pertech.com.br\/teste\/wp-content\/uploads\/2025\/07\/Capa-Cores-e-Texturas-216x300.jpg 216w\" sizes=\"(max-width: 396px) 100vw, 396px\" \/>\t\t\t\t\t\t\t\t<\/a>\n\t\t\t\t\t\t\t\t\t\t\t\t\t\t\t<\/div>\n\t\t\t\t<\/div>\n\t\t\t\t<div class=\"elementor-element elementor-element-a99d5cb elementor-widget elementor-widget-text-editor\" data-id=\"a99d5cb\" data-element_type=\"widget\" data-e-type=\"widget\" data-widget_type=\"text-editor.default\">\n\t\t\t\t<div class=\"elementor-widget-container\">\n\t\t\t\t\t\t\t\t\t<h5>CORES E TEXTURAS<\/h5>\t\t\t\t\t\t\t\t<\/div>\n\t\t\t\t<\/div>\n\t\t\t\t<div class=\"elementor-element elementor-element-9f6d46d elementor-align-center elementor-widget__width-initial elementor-widget elementor-widget-button\" data-id=\"9f6d46d\" data-element_type=\"widget\" data-e-type=\"widget\" data-widget_type=\"button.default\">\n\t\t\t\t<div class=\"elementor-widget-container\">\n\t\t\t\t\t\t\t\t\t<div class=\"elementor-button-wrapper\">\n\t\t\t\t\t<a class=\"elementor-button elementor-button-link elementor-size-sm\" href=\"https:\/\/pertech.com.br\/teste\/wp-content\/uploads\/2025\/07\/CARTELA-CHAPAS_.pdf\" target=\"_blank\">\n\t\t\t\t\t\t<span class=\"elementor-button-content-wrapper\">\n\t\t\t\t\t\t\t\t\t<span class=\"elementor-button-text\">Baixar<\/span>\n\t\t\t\t\t<\/span>\n\t\t\t\t\t<\/a>\n\t\t\t\t<\/div>\n\t\t\t\t\t\t\t\t<\/div>\n\t\t\t\t<\/div>\n\t\t\t\t\t<\/div>\n\t\t<\/div>\n\t\t\t\t<div class=\"elementor-column elementor-col-33 elementor-inner-column elementor-element elementor-element-f041ada\" data-id=\"f041ada\" data-element_type=\"column\" data-e-type=\"column\">\n\t\t\t<div class=\"elementor-widget-wrap\">\n\t\t\t\t\t\t\t<\/div>\n\t\t<\/div>\n\t\t\t\t\t<\/div>\n\t\t<\/section>\n\t\t\t\t\t<\/div>\n\t\t<\/div>\n\t\t\t\t\t<\/div>\n\t\t<\/section>\n\t\t\t\t<\/div>\n\t\t","protected":false},"excerpt":{"rendered":"<p>CAT\u00c1LOGOS Cores e Texturas Baixar C\u00e1talogo de Produtos Baixar Divis\u00f3rias SANIT\u00c1RIAS Baixar PERTECH EXTERIOR Baixar CORES E TEXTURAS Baixar<\/p>\n","protected":false},"author":6,"featured_media":0,"parent":0,"menu_order":0,"comment_status":"closed","ping_status":"closed","template":"elementor_canvas","meta":{"_acf_changed":false,"footnotes":""},"class_list":["post-7803","page","type-page","status-publish","hentry"],"acf":[],"yoast_head":"<!-- This site is optimized with the Yoast SEO Premium plugin v26.0 (Yoast SEO v26.9) - https:\/\/yoast.com\/product\/yoast-seo-premium-wordpress\/ -->\n<title>Cat\u00e1logos - Pertech<\/title>\n<meta name=\"robots\" content=\"index, follow, max-snippet:-1, max-image-preview:large, max-video-preview:-1\" \/>\n<link rel=\"canonical\" href=\"https:\/\/pertech.com.br\/teste\/download-catalogos\/\" \/>\n<meta property=\"og:locale\" content=\"pt_BR\" \/>\n<meta property=\"og:type\" content=\"article\" \/>\n<meta property=\"og:title\" content=\"Cat\u00e1logos\" \/>\n<meta property=\"og:description\" content=\"CAT\u00c1LOGOS Cores e Texturas Baixar C\u00e1talogo de Produtos Baixar Divis\u00f3rias SANIT\u00c1RIAS Baixar PERTECH EXTERIOR Baixar CORES E TEXTURAS Baixar\" \/>\n<meta property=\"og:url\" content=\"https:\/\/pertech.com.br\/teste\/download-catalogos\/\" \/>\n<meta property=\"og:site_name\" content=\"Pertech\" \/>\n<meta property=\"article:modified_time\" content=\"2025-07-25T11:26:32+00:00\" \/>\n<meta property=\"og:image\" content=\"https:\/\/pertech.com.br\/teste\/wp-content\/uploads\/2025\/03\/CAPA-CORES.jpg\" \/>\n<meta name=\"twitter:card\" content=\"summary_large_image\" \/>\n<script type=\"application\/ld+json\" class=\"yoast-schema-graph\">{\"@context\":\"https:\/\/schema.org\",\"@graph\":[{\"@type\":\"WebPage\",\"@id\":\"https:\/\/pertech.com.br\/teste\/download-catalogos\/\",\"url\":\"https:\/\/pertech.com.br\/teste\/download-catalogos\/\",\"name\":\"Cat\u00e1logos - Pertech\",\"isPartOf\":{\"@id\":\"https:\/\/pertech.com.br\/teste\/#website\"},\"primaryImageOfPage\":{\"@id\":\"https:\/\/pertech.com.br\/teste\/download-catalogos\/#primaryimage\"},\"image\":{\"@id\":\"https:\/\/pertech.com.br\/teste\/download-catalogos\/#primaryimage\"},\"thumbnailUrl\":\"https:\/\/pertech.com.br\/teste\/wp-content\/uploads\/2025\/03\/CAPA-CORES.jpg\",\"datePublished\":\"2023-03-28T14:30:27+00:00\",\"dateModified\":\"2025-07-25T11:26:32+00:00\",\"breadcrumb\":{\"@id\":\"https:\/\/pertech.com.br\/teste\/download-catalogos\/#breadcrumb\"},\"inLanguage\":\"pt-BR\",\"potentialAction\":[{\"@type\":\"ReadAction\",\"target\":[\"https:\/\/pertech.com.br\/teste\/download-catalogos\/\"]}]},{\"@type\":\"ImageObject\",\"inLanguage\":\"pt-BR\",\"@id\":\"https:\/\/pertech.com.br\/teste\/download-catalogos\/#primaryimage\",\"url\":\"https:\/\/pertech.com.br\/teste\/wp-content\/uploads\/2025\/03\/CAPA-CORES.jpg\",\"contentUrl\":\"https:\/\/pertech.com.br\/teste\/wp-content\/uploads\/2025\/03\/CAPA-CORES.jpg\",\"width\":599,\"height\":847},{\"@type\":\"BreadcrumbList\",\"@id\":\"https:\/\/pertech.com.br\/teste\/download-catalogos\/#breadcrumb\",\"itemListElement\":[{\"@type\":\"ListItem\",\"position\":1,\"name\":\"In\u00edcio\",\"item\":\"https:\/\/pertech.com.br\/teste\/\"},{\"@type\":\"ListItem\",\"position\":2,\"name\":\"Cat\u00e1logos\"}]},{\"@type\":\"WebSite\",\"@id\":\"https:\/\/pertech.com.br\/teste\/#website\",\"url\":\"https:\/\/pertech.com.br\/teste\/\",\"name\":\"Pertech\",\"description\":\"\",\"potentialAction\":[{\"@type\":\"SearchAction\",\"target\":{\"@type\":\"EntryPoint\",\"urlTemplate\":\"https:\/\/pertech.com.br\/teste\/?s={search_term_string}\"},\"query-input\":{\"@type\":\"PropertyValueSpecification\",\"valueRequired\":true,\"valueName\":\"search_term_string\"}}],\"inLanguage\":\"pt-BR\"}]}<\/script>\n<!-- \/ Yoast SEO Premium plugin. -->","yoast_head_json":{"title":"Cat\u00e1logos - Pertech","robots":{"index":"index","follow":"follow","max-snippet":"max-snippet:-1","max-image-preview":"max-image-preview:large","max-video-preview":"max-video-preview:-1"},"canonical":"https:\/\/pertech.com.br\/teste\/download-catalogos\/","og_locale":"pt_BR","og_type":"article","og_title":"Cat\u00e1logos","og_description":"CAT\u00c1LOGOS Cores e Texturas Baixar C\u00e1talogo de Produtos Baixar Divis\u00f3rias SANIT\u00c1RIAS Baixar PERTECH EXTERIOR Baixar CORES E TEXTURAS Baixar","og_url":"https:\/\/pertech.com.br\/teste\/download-catalogos\/","og_site_name":"Pertech","article_modified_time":"2025-07-25T11:26:32+00:00","og_image":[{"url":"https:\/\/pertech.com.br\/teste\/wp-content\/uploads\/2025\/03\/CAPA-CORES.jpg","type":"","width":"","height":""}],"twitter_card":"summary_large_image","schema":{"@context":"https:\/\/schema.org","@graph":[{"@type":"WebPage","@id":"https:\/\/pertech.com.br\/teste\/download-catalogos\/","url":"https:\/\/pertech.com.br\/teste\/download-catalogos\/","name":"Cat\u00e1logos - Pertech","isPartOf":{"@id":"https:\/\/pertech.com.br\/teste\/#website"},"primaryImageOfPage":{"@id":"https:\/\/pertech.com.br\/teste\/download-catalogos\/#primaryimage"},"image":{"@id":"https:\/\/pertech.com.br\/teste\/download-catalogos\/#primaryimage"},"thumbnailUrl":"https:\/\/pertech.com.br\/teste\/wp-content\/uploads\/2025\/03\/CAPA-CORES.jpg","datePublished":"2023-03-28T14:30:27+00:00","dateModified":"2025-07-25T11:26:32+00:00","breadcrumb":{"@id":"https:\/\/pertech.com.br\/teste\/download-catalogos\/#breadcrumb"},"inLanguage":"pt-BR","potentialAction":[{"@type":"ReadAction","target":["https:\/\/pertech.com.br\/teste\/download-catalogos\/"]}]},{"@type":"ImageObject","inLanguage":"pt-BR","@id":"https:\/\/pertech.com.br\/teste\/download-catalogos\/#primaryimage","url":"https:\/\/pertech.com.br\/teste\/wp-content\/uploads\/2025\/03\/CAPA-CORES.jpg","contentUrl":"https:\/\/pertech.com.br\/teste\/wp-content\/uploads\/2025\/03\/CAPA-CORES.jpg","width":599,"height":847},{"@type":"BreadcrumbList","@id":"https:\/\/pertech.com.br\/teste\/download-catalogos\/#breadcrumb","itemListElement":[{"@type":"ListItem","position":1,"name":"In\u00edcio","item":"https:\/\/pertech.com.br\/teste\/"},{"@type":"ListItem","position":2,"name":"Cat\u00e1logos"}]},{"@type":"WebSite","@id":"https:\/\/pertech.com.br\/teste\/#website","url":"https:\/\/pertech.com.br\/teste\/","name":"Pertech","description":"","potentialAction":[{"@type":"SearchAction","target":{"@type":"EntryPoint","urlTemplate":"https:\/\/pertech.com.br\/teste\/?s={search_term_string}"},"query-input":{"@type":"PropertyValueSpecification","valueRequired":true,"valueName":"search_term_string"}}],"inLanguage":"pt-BR"}]}},"_links":{"self":[{"href":"https:\/\/pertech.com.br\/teste\/wp-json\/wp\/v2\/pages\/7803","targetHints":{"allow":["GET"]}}],"collection":[{"href":"https:\/\/pertech.com.br\/teste\/wp-json\/wp\/v2\/pages"}],"about":[{"href":"https:\/\/pertech.com.br\/teste\/wp-json\/wp\/v2\/types\/page"}],"author":[{"embeddable":true,"href":"https:\/\/pertech.com.br\/teste\/wp-json\/wp\/v2\/users\/6"}],"replies":[{"embeddable":true,"href":"https:\/\/pertech.com.br\/teste\/wp-json\/wp\/v2\/comments?post=7803"}],"version-history":[{"count":0,"href":"https:\/\/pertech.com.br\/teste\/wp-json\/wp\/v2\/pages\/7803\/revisions"}],"wp:attachment":[{"href":"https:\/\/pertech.com.br\/teste\/wp-json\/wp\/v2\/media?parent=7803"}],"curies":[{"name":"wp","href":"https:\/\/api.w.org\/{rel}","templated":true}]}}